{"id":608,"date":"2023-09-04T14:00:00","date_gmt":"2023-09-04T12:00:00","guid":{"rendered":"https:\/\/fragnach.org\/?page_id=608"},"modified":"2023-09-05T22:34:00","modified_gmt":"2023-09-05T20:34:00","slug":"affidavit-charlotte-heinz-kurt-maier","status":"publish","type":"page","link":"https:\/\/fragnach.org\/en\/uebersetzungen\/affidavit-charlotte-heinz-kurt-maier\/","title":{"rendered":"Affidavit in Lieu of Passport f\u00fcr Charlotte, Heinz und Kurt Maier, Mai 1941"},"content":{"rendered":"<p><a href=\"https:\/\/fragnach.org\/wp-content\/uploads\/2023\/09\/165a_DIT_KM_Affidavit_Charlotte_komp-e1693828304277.jpg\"><img decoding=\"async\" class=\"alignnone wp-image-927 size-medium\" src=\"https:\/\/fragnach.org\/wp-content\/uploads\/2023\/09\/165a_DIT_KM_Affidavit_Charlotte_komp-e1693828304277-212x300.jpg\" alt=\"\" width=\"212\" height=\"300\" srcset=\"https:\/\/fragnach.org\/wp-content\/uploads\/2023\/09\/165a_DIT_KM_Affidavit_Charlotte_komp-e1693828304277-8x12.jpg 8w, https:\/\/fragnach.org\/wp-content\/uploads\/2023\/09\/165a_DIT_KM_Affidavit_Charlotte_komp-e1693828304277-200x283.jpg 200w, https:\/\/fragnach.org\/wp-content\/uploads\/2023\/09\/165a_DIT_KM_Affidavit_Charlotte_komp-e1693828304277-212x300.jpg 212w, https:\/\/fragnach.org\/wp-content\/uploads\/2023\/09\/165a_DIT_KM_Affidavit_Charlotte_komp-e1693828304277-400x566.jpg 400w, https:\/\/fragnach.org\/wp-content\/uploads\/2023\/09\/165a_DIT_KM_Affidavit_Charlotte_komp-e1693828304277.jpg 565w\" sizes=\"(max-width: 212px) 100vw, 212px\" \/><\/a><a href=\"https:\/\/fragnach.org\/wp-content\/uploads\/2023\/09\/Ganzseitiges-Foto2_Seite_3-scaled-e1693828773543.jpg\"><img decoding=\"async\" class=\"alignnone wp-image-929 size-medium\" src=\"https:\/\/fragnach.org\/wp-content\/uploads\/2023\/09\/Ganzseitiges-Foto2_Seite_3-scaled-e1693828773543-213x300.jpg\" alt=\"\" width=\"213\" height=\"300\" srcset=\"https:\/\/fragnach.org\/wp-content\/uploads\/2023\/09\/Ganzseitiges-Foto2_Seite_3-scaled-e1693828773543-9x12.jpg 9w, https:\/\/fragnach.org\/wp-content\/uploads\/2023\/09\/Ganzseitiges-Foto2_Seite_3-scaled-e1693828773543-200x282.jpg 200w, https:\/\/fragnach.org\/wp-content\/uploads\/2023\/09\/Ganzseitiges-Foto2_Seite_3-scaled-e1693828773543-213x300.jpg 213w, https:\/\/fragnach.org\/wp-content\/uploads\/2023\/09\/Ganzseitiges-Foto2_Seite_3-scaled-e1693828773543-400x564.jpg 400w, https:\/\/fragnach.org\/wp-content\/uploads\/2023\/09\/Ganzseitiges-Foto2_Seite_3-scaled-e1693828773543-600x846.jpg 600w, https:\/\/fragnach.org\/wp-content\/uploads\/2023\/09\/Ganzseitiges-Foto2_Seite_3-scaled-e1693828773543-726x1024.jpg 726w, https:\/\/fragnach.org\/wp-content\/uploads\/2023\/09\/Ganzseitiges-Foto2_Seite_3-scaled-e1693828773543-768x1083.jpg 768w, https:\/\/fragnach.org\/wp-content\/uploads\/2023\/09\/Ganzseitiges-Foto2_Seite_3-scaled-e1693828773543-800x1128.jpg 800w, https:\/\/fragnach.org\/wp-content\/uploads\/2023\/09\/Ganzseitiges-Foto2_Seite_3-scaled-e1693828773543-1090x1536.jpg 1090w, https:\/\/fragnach.org\/wp-content\/uploads\/2023\/09\/Ganzseitiges-Foto2_Seite_3-scaled-e1693828773543-1200x1692.jpg 1200w, https:\/\/fragnach.org\/wp-content\/uploads\/2023\/09\/Ganzseitiges-Foto2_Seite_3-scaled-e1693828773543-1453x2048.jpg 1453w, https:\/\/fragnach.org\/wp-content\/uploads\/2023\/09\/Ganzseitiges-Foto2_Seite_3-scaled-e1693828773543.jpg 1816w\" sizes=\"(max-width: 213px) 100vw, 213px\" \/><\/a><\/p>\n<p><strong>\u00dcbersetzung<\/strong><\/p>\n<p><em><strong>Affidavit in Lieu of Passport<\/strong><\/em><\/p>\n<p>Republik Frankreich<\/p>\n<p>Departement Bouches du Rhons<\/p>\n<p>Stadt Marseille<\/p>\n<p>Konsulat der Vereinigten Staaten von Amerika<\/p>\n<p>&nbsp;<\/p>\n<p>Vor mir, Lee D. Randall, Vizekonsul der Vereinigten Staaten von Amerika, in und f\u00fcr den Bezirk Marseille, Frankreich, ordnungsgem\u00e4\u00df bevollm\u00e4chtigt und bef\u00e4higt, erschien pers\u00f6nlich Frau MAIER, die unter Eid aussagt und erkl\u00e4rt:<\/p>\n<p>&nbsp;<\/p>\n<p>Dass ihr vollst\u00e4ndiger Name Charlotte Auerbacher MAIER ist und sie in Marseille, Frankreich, wohnt,<\/p>\n<p>Dass sie am 30. Mai 1902 in Kippenheim, Deutschland, geboren wurde;<\/p>\n<p>Dass sie verheiratet ist mit Siegfried MAIER<\/p>\n<p>Dass sie nicht im Besitz eines g\u00fcltigen Reisepasses oder eines anderen Reisedokuments f\u00fcr die Vereinigten Staaten ist, da sie ein deutscher Fl\u00fcchtling ist.<\/p>\n<p>Dass sie von ihren beiden minderj\u00e4hrigen Kindern Heinz und Kurt begleitet wird; dass diese eidesstattliche Erkl\u00e4rung anstelle eines Reisepasses abgegeben wurde, um ihr die Einreise in die Vereinigten Staaten zu erm\u00f6glichen.<\/p>\n<p>&nbsp;<\/p>\n<p>BESCHREIBUNG:<\/p>\n<p>Gr\u00f6\u00dfe: 5&#8217;3&#8243; [= 1,60m]<\/p>\n<p>Gewicht: 140 lbs. [= 63,5 kg]<\/p>\n<p>Haare: braun<\/p>\n<p>Augen: grau<\/p>\n<p>Markierungen: keine<\/p>\n<p>Teint: mittel<\/p>\n<p>&nbsp;<\/p>\n<p>Unterschrift des Bewerbers<\/p>\n<p>Gezeichnet und beglaubigt vor mir am 8. Mai<\/p>\n<p>&nbsp;<\/p>\n<p>Lee D. Randall<\/p>\n<p>Vizekonsul der Vereinigten Staaten von Amerika<\/p>\n<p>&nbsp;<\/p>\n<p><em><strong>Beschreibung von Zadock Simon Heinz MAIER<\/strong><\/em><\/p>\n<p>Haarfarbe: braun<\/p>\n<p>Farbe der Augen: blau<\/p>\n<p>Hautfarbe: mittel<\/p>\n<p>Gr\u00f6\u00dfe: 5&#8217;2&#8243; [= 1,57 m]<\/p>\n<p>Gewicht: 110 lbs. [= 50 kg]<\/p>\n<p>&nbsp;<\/p>\n<p><em><strong>Beschreibung von Salomon Kurt MAIER<\/strong><\/em><\/p>\n<p>Haarfarbe: braun<\/p>\n<p>Farbe der Augen: braun<\/p>\n<p>Hautfarbe: mittel<\/p>\n<p>Gr\u00f6\u00dfe: 4&#8217;6&#8243; [= 1,37 m]<\/p>\n<p>Gewicht: 80 lbs. [= 36 kg]<\/p>","protected":false},"excerpt":{"rendered":"<p>\u00dcbersetzung Affidavit in Lieu of Passport Republik Frankreich Departement Bouches  [&#8230;]<\/p>","protected":false},"author":4,"featured_media":0,"parent":604,"menu_order":0,"comment_status":"closed","ping_status":"closed","template":"","meta":{"footnotes":""},"class_list":["post-608","page","type-page","status-publish","hentry"],"_links":{"self":[{"href":"https:\/\/fragnach.org\/en\/wp-json\/wp\/v2\/pages\/608","targetHints":{"allow":["GET"]}}],"collection":[{"href":"https:\/\/fragnach.org\/en\/wp-json\/wp\/v2\/pages"}],"about":[{"href":"https:\/\/fragnach.org\/en\/wp-json\/wp\/v2\/types\/page"}],"author":[{"embeddable":true,"href":"https:\/\/fragnach.org\/en\/wp-json\/wp\/v2\/users\/4"}],"replies":[{"embeddable":true,"href":"https:\/\/fragnach.org\/en\/wp-json\/wp\/v2\/comments?post=608"}],"version-history":[{"count":6,"href":"https:\/\/fragnach.org\/en\/wp-json\/wp\/v2\/pages\/608\/revisions"}],"predecessor-version":[{"id":1057,"href":"https:\/\/fragnach.org\/en\/wp-json\/wp\/v2\/pages\/608\/revisions\/1057"}],"up":[{"embeddable":true,"href":"https:\/\/fragnach.org\/en\/wp-json\/wp\/v2\/pages\/604"}],"wp:attachment":[{"href":"https:\/\/fragnach.org\/en\/wp-json\/wp\/v2\/media?parent=608"}],"curies":[{"name":"wp","href":"https:\/\/api.w.org\/{rel}","templated":true}]}}

Affidavit in Lieu of Passport für Charlotte, Heinz und Kurt Maier, Mai 1941

<p><a href="https://fragnach.org/wp-content/uploads/2023/09/165a_DIT_KM_Affidavit_Charlotte_komp-e1693828304277.jpg"><img decoding="async" class="alignnone wp-image-927 size-medium" src="https://fragnach.org/wp-content/uploads/2023/09/165a_DIT_KM_Affidavit_Charlotte_komp-e1693828304277-212x300.jpg" alt="" width="212" height="300" srcset="https://fragnach.org/wp-content/uploads/2023/09/165a_DIT_KM_Affidavit_Charlotte_komp-e1693828304277-8x12.jpg 8w, https://fragnach.org/wp-content/uploads/2023/09/165a_DIT_KM_Affidavit_Charlotte_komp-e1693828304277-200x283.jpg 200w, https://fragnach.org/wp-content/uploads/2023/09/165a_DIT_KM_Affidavit_Charlotte_komp-e1693828304277-212x300.jpg 212w, https://fragnach.org/wp-content/uploads/2023/09/165a_DIT_KM_Affidavit_Charlotte_komp-e1693828304277-400x566.jpg 400w, https://fragnach.org/wp-content/uploads/2023/09/165a_DIT_KM_Affidavit_Charlotte_komp-e1693828304277.jpg 565w" sizes="(max-width: 212px) 100vw, 212px" /></a><a href="https://fragnach.org/wp-content/uploads/2023/09/Ganzseitiges-Foto2_Seite_3-scaled-e1693828773543.jpg"><img decoding="async" class="alignnone wp-image-929 size-medium" src="https://fragnach.org/wp-content/uploads/2023/09/Ganzseitiges-Foto2_Seite_3-scaled-e1693828773543-213x300.jpg" alt="" width="213" height="300" srcset="https://fragnach.org/wp-content/uploads/2023/09/Ganzseitiges-Foto2_Seite_3-scaled-e1693828773543-9x12.jpg 9w, https://fragnach.org/wp-content/uploads/2023/09/Ganzseitiges-Foto2_Seite_3-scaled-e1693828773543-200x282.jpg 200w, https://fragnach.org/wp-content/uploads/2023/09/Ganzseitiges-Foto2_Seite_3-scaled-e1693828773543-213x300.jpg 213w, https://fragnach.org/wp-content/uploads/2023/09/Ganzseitiges-Foto2_Seite_3-scaled-e1693828773543-400x564.jpg 400w, https://fragnach.org/wp-content/uploads/2023/09/Ganzseitiges-Foto2_Seite_3-scaled-e1693828773543-600x846.jpg 600w, https://fragnach.org/wp-content/uploads/2023/09/Ganzseitiges-Foto2_Seite_3-scaled-e1693828773543-726x1024.jpg 726w, https://fragnach.org/wp-content/uploads/2023/09/Ganzseitiges-Foto2_Seite_3-scaled-e1693828773543-768x1083.jpg 768w, https://fragnach.org/wp-content/uploads/2023/09/Ganzseitiges-Foto2_Seite_3-scaled-e1693828773543-800x1128.jpg 800w, https://fragnach.org/wp-content/uploads/2023/09/Ganzseitiges-Foto2_Seite_3-scaled-e1693828773543-1090x1536.jpg 1090w, https://fragnach.org/wp-content/uploads/2023/09/Ganzseitiges-Foto2_Seite_3-scaled-e1693828773543-1200x1692.jpg 1200w, https://fragnach.org/wp-content/uploads/2023/09/Ganzseitiges-Foto2_Seite_3-scaled-e1693828773543-1453x2048.jpg 1453w, https://fragnach.org/wp-content/uploads/2023/09/Ganzseitiges-Foto2_Seite_3-scaled-e1693828773543.jpg 1816w" sizes="(max-width: 213px) 100vw, 213px" /></a></p>
<p><strong>Übersetzung</strong></p>
<p><em><strong>Affidavit in Lieu of Passport</strong></em></p>
<p>Republik Frankreich</p>
<p>Departement Bouches du Rhons</p>
<p>Stadt Marseille</p>
<p>Konsulat der Vereinigten Staaten von Amerika</p>
<p>&nbsp;</p>
<p>Vor mir, Lee D. Randall, Vizekonsul der Vereinigten Staaten von Amerika, in und für den Bezirk Marseille, Frankreich, ordnungsgemäß bevollmächtigt und befähigt, erschien persönlich Frau MAIER, die unter Eid aussagt und erklärt:</p>
<p>&nbsp;</p>
<p>Dass ihr vollständiger Name Charlotte Auerbacher MAIER ist und sie in Marseille, Frankreich, wohnt,</p>
<p>Dass sie am 30. Mai 1902 in Kippenheim, Deutschland, geboren wurde;</p>
<p>Dass sie verheiratet ist mit Siegfried MAIER</p>
<p>Dass sie nicht im Besitz eines gültigen Reisepasses oder eines anderen Reisedokuments für die Vereinigten Staaten ist, da sie ein deutscher Flüchtling ist.</p>
<p>Dass sie von ihren beiden minderjährigen Kindern Heinz und Kurt begleitet wird; dass diese eidesstattliche Erklärung anstelle eines Reisepasses abgegeben wurde, um ihr die Einreise in die Vereinigten Staaten zu ermöglichen.</p>
<p>&nbsp;</p>
<p>BESCHREIBUNG:</p>
<p>Größe: 5&#8217;3&#8243; [= 1,60m]</p>
<p>Gewicht: 140 lbs. [= 63,5 kg]</p>
<p>Haare: braun</p>
<p>Augen: grau</p>
<p>Markierungen: keine</p>
<p>Teint: mittel</p>
<p>&nbsp;</p>
<p>Unterschrift des Bewerbers</p>
<p>Gezeichnet und beglaubigt vor mir am 8. Mai</p>
<p>&nbsp;</p>
<p>Lee D. Randall</p>
<p>Vizekonsul der Vereinigten Staaten von Amerika</p>
<p>&nbsp;</p>
<p><em><strong>Beschreibung von Zadock Simon Heinz MAIER</strong></em></p>
<p>Haarfarbe: braun</p>
<p>Farbe der Augen: blau</p>
<p>Hautfarbe: mittel</p>
<p>Größe: 5&#8217;2&#8243; [= 1,57 m]</p>
<p>Gewicht: 110 lbs. [= 50 kg]</p>
<p>&nbsp;</p>
<p><em><strong>Beschreibung von Salomon Kurt MAIER</strong></em></p>
<p>Haarfarbe: braun</p>
<p>Farbe der Augen: braun</p>
<p>Hautfarbe: mittel</p>
<p>Größe: 4&#8217;6&#8243; [= 1,37 m]</p>
<p>Gewicht: 80 lbs. [= 36 kg]</p>

<p>Übersetzung Affidavit in Lieu of Passport Republik Frankreich Departement Bouches  [&#8230;]</p>
