{"id":727,"date":"2023-08-22T16:28:00","date_gmt":"2023-08-22T14:28:00","guid":{"rendered":"https:\/\/fragnach.org\/?page_id=727"},"modified":"2023-11-03T15:58:04","modified_gmt":"2023-11-03T14:58:04","slug":"ueber-inge-auerbacher","status":"publish","type":"page","link":"https:\/\/fragnach.org\/en\/inge-auerbacher\/ueber-inge-auerbacher\/","title":{"rendered":"\u00dcber Inge Auerbacher"},"content":{"rendered":"<div class=\"fusion-fullwidth fullwidth-box fusion-builder-row-1 fusion-flex-container has-pattern-background has-mask-background nonhundred-percent-fullwidth non-hundred-percent-height-scrolling\" style=\"--awb-border-radius-top-left:0px;--awb-border-radius-top-right:0px;--awb-border-radius-bottom-right:0px;--awb-border-radius-bottom-left:0px;--awb-padding-top:40px;--awb-padding-right:40px;--awb-padding-bottom:40px;--awb-padding-left:40px;--awb-flex-wrap:wrap;\" ><div class=\"fusion-builder-row fusion-row fusion-flex-align-items-flex-start fusion-flex-content-wrap\" style=\"max-width:1572.48px;margin-left: calc(-4% \/ 2 );margin-right: calc(-4% \/ 2 );\"><div class=\"fusion-layout-column fusion_builder_column fusion-builder-column-0 fusion_builder_column_2_3 2_3 fusion-flex-column\" style=\"--awb-bg-blend:overlay;--awb-bg-size:cover;--awb-width-large:66.6666666667%;--awb-margin-top-large:0px;--awb-spacing-right-large:3.84%;--awb-margin-bottom-large:0px;--awb-spacing-left-large:2.88%;--awb-width-medium:66.6666666667%;--awb-spacing-right-medium:3.84%;--awb-spacing-left-medium:2.88%;--awb-width-small:100%;--awb-spacing-right-small:1.92%;--awb-spacing-left-small:1.92%;\"><div class=\"fusion-column-wrapper fusion-flex-justify-content-flex-start fusion-content-layout-column\"><div class=\"fusion-text fusion-text-1\" style=\"--awb-text-color:var(--awb-color4);\"><p>Inge wurde 1934 in Kippenheim geboren. Im August 1942 wurde sie zusammen mit ihren Eltern nach Theresienstadt deportiert. Die Familie blieb dort inhaftiert bis zur Befreiung am 8. Mai 1945. Inge und ihre Eltern emigrierten im Mai 1946 in die USA. Im Oktober 2022 wurde Inge an ihrem Wohnort New York f\u00fcr unser interaktives Interview befragt.<\/p>\n<\/div><div class=\"fusion-title title fusion-title-1 fusion-sep-none fusion-title-text fusion-title-size-two\" style=\"--awb-text-color:var(--awb-color4);\"><h2 class=\"fusion-title-heading title-heading-left fusion-responsive-typography-calculated\" style=\"margin:0;--fontSize:96;line-height:1.1;\">Biography<\/h2><\/div><div class=\"fusion-text fusion-text-2\" style=\"--awb-text-color:var(--awb-color4);\"><p><span style=\"background-color: var(--awb-bg-color-hover); color: var(--awb-text-color); font-family: var(--awb-text-font-family); font-size: var(--awb-font-size); font-style: var(--awb-text-font-style); letter-spacing: var(--awb-letter-spacing); text-align: var(--awb-content-alignment); text-transform: var(--awb-text-transform);\"><b>31. Dezember 1934:<\/b><\/span><span style=\"background-color: var(--awb-bg-color-hover); color: var(--awb-text-color); font-family: var(--awb-text-font-family); font-size: var(--awb-font-size); font-style: var(--awb-text-font-style); font-weight: var(--awb-text-font-weight); letter-spacing: var(--awb-letter-spacing); text-align: var(--awb-content-alignment); text-transform: var(--awb-text-transform);\"><br \/>\n<\/span><\/p>\n<p><span style=\"background-color: var(--awb-bg-color-hover); color: var(--awb-text-color); font-family: var(--awb-text-font-family); font-size: var(--awb-font-size); font-style: var(--awb-text-font-style); font-weight: var(--awb-text-font-weight); letter-spacing: var(--awb-letter-spacing); text-align: var(--awb-content-alignment); text-transform: var(--awb-text-transform);\">Inge wird in Kippenheim geboren. Sie ist das einzige Kind von Berthold und Regina Auerbacher (geb. Lauchheimer).<\/span><\/p>\n<p><b>9.\/10. November 1938:<br \/>\n<\/b>Pogromnacht. Inges Vater und Gro\u00dfvater werden im Konzentrationslager Dachau inhaftiert.<\/p>\n<p><b>Mai 1939:<br \/>\n<\/b>Die Familie Auerbacher zieht zu den Gro\u00dfeltern nach Jebenhausen.<\/p>\n<p><b>Ab 1941:<\/b><br \/>\nInge besucht die J\u00fcdische Schule in Stuttgart.<\/p>\n<p><b>1. Dezember 1941<\/b>:<br \/>\nInges Gro\u00dfmutter Betty Lauchheimer wird deportiert. Die Familie Auerbacher muss in ein Gettohaus ziehen.<\/p>\n<p><b>22. August 1942:<br \/>\n<\/b>Die Familie Auerbacher wird in das Getto Theresienstadt deportiert.<\/p>\n<p><b>8. Mai 1945:<br \/>\n<\/b>Das Ghetto Theresienstadt wird durch die Rote Armee befreit.<\/p>\n<p><b>Juli 1945:<br \/>\n<\/b>Inge und ihre Familie kehren nach G\u00f6ppingen zur\u00fcck.<\/p>\n<p><b>13. Mai 1946:<\/b><br \/>\nDie Familie Auerbacher tritt die Fahrt von Bremerhaven nach New York an.<\/p>\n<p><b>23. Mai 1946:<\/b><br \/>\nAnkunft in New York.<\/p>\n<p><b>Mitte 1946:<\/b><br \/>\nAls Folge der Lagerhaft bricht bei Inge Tuberkulose aus. Sie muss mehrere Jahre im Krankenhaus bleiben.<\/p>\n<p><b>Ab Herbst 1950:<\/b><br \/>\nInge besucht die Schule in New York. Sie macht einen Abschluss als Chemikerin und arbeitet danach in diesem Beruf.<\/p>\n<p><b>1953:<br \/>\n<\/b><\/p>\n<p><span style=\"color: var(--awb-text-color); font-family: var(--awb-text-font-family); font-size: var(--awb-font-size); font-style: var(--awb-text-font-style); font-weight: var(--awb-text-font-weight); letter-spacing: var(--awb-letter-spacing); text-align: var(--awb-content-alignment); text-transform: var(--awb-text-transform); background-color: var(--awb-bg-color);\">Inge wird US-amerikanische Staatsb\u00fcrgerschaft.<\/span><\/p>\n<p><b>Heute:<br \/>\n<\/b>Inge ist als Zeitzeugin engagiert und schildert ihre Erfahrungen auch in ihren B\u00fcchern. Am 27. Januar 2022 h\u00e4lt sie die Rede zum Tag des Gedenkens an die Opfer des Nationalsozialismus im Deutschen Bundestag. F\u00fcr ihr Engagement wurde sie mehrfach ausgezeichnet.<\/p>\n<\/div><\/div><\/div><div class=\"fusion-layout-column fusion_builder_column fusion-builder-column-1 awb-sticky awb-sticky-small awb-sticky-medium awb-sticky-large fusion_builder_column_1_3 1_3 fusion-flex-column\" style=\"--awb-bg-size:cover;--awb-width-large:33.3333333333%;--awb-margin-top-large:0px;--awb-spacing-right-large:5.76%;--awb-margin-bottom-large:20px;--awb-spacing-left-large:5.76%;--awb-width-medium:33.3333333333%;--awb-order-medium:0;--awb-spacing-right-medium:5.76%;--awb-spacing-left-medium:5.76%;--awb-width-small:100%;--awb-order-small:0;--awb-spacing-right-small:1.92%;--awb-spacing-left-small:1.92%;--awb-sticky-offset:20px;\"><div class=\"fusion-column-wrapper fusion-column-has-shadow fusion-flex-justify-content-flex-start fusion-content-layout-column\"><div class=\"fusion-image-element awb-imageframe-style awb-imageframe-style-below awb-imageframe-style-1\" style=\"--awb-caption-margin-top:10px;--awb-caption-title-font-family:var(--body_typography-font-family);--awb-caption-title-font-weight:var(--body_typography-font-weight);--awb-caption-title-font-style:var(--body_typography-font-style);--awb-caption-title-size:14px;--awb-caption-title-transform:var(--body_typography-text-transform);--awb-caption-title-line-height:1.2;--awb-caption-title-letter-spacing:var(--body_typography-letter-spacing);\"><span class=\"fusion-imageframe imageframe-none imageframe-1 hover-type-none\" style=\"border-radius:20px;\"><img decoding=\"async\" width=\"768\" height=\"1024\" title=\"291_DIT_IA_heute\" src=\"https:\/\/fragnach.org\/wp-content\/uploads\/2023\/08\/291_DIT_IA_heute.jpeg\" alt class=\"img-responsive wp-image-728\" srcset=\"https:\/\/fragnach.org\/wp-content\/uploads\/2023\/08\/291_DIT_IA_heute-200x267.jpeg 200w, https:\/\/fragnach.org\/wp-content\/uploads\/2023\/08\/291_DIT_IA_heute-400x533.jpeg 400w, https:\/\/fragnach.org\/wp-content\/uploads\/2023\/08\/291_DIT_IA_heute-600x800.jpeg 600w, https:\/\/fragnach.org\/wp-content\/uploads\/2023\/08\/291_DIT_IA_heute.jpeg 768w\" sizes=\"(max-width: 640px) 100vw, 600px\" \/><\/span><div class=\"awb-imageframe-caption-container\"><div class=\"awb-imageframe-caption\"><div class=\"awb-imageframe-caption-title\">Inge Auerbacher in Berlin, 2023 (Foto: DNB\/Sylvia Asmus)<\/div><p class=\"awb-imageframe-caption-text\"> <\/p><\/div><\/div><\/div><\/div><\/div><\/div><\/div>","protected":false},"excerpt":{"rendered":"","protected":false},"author":4,"featured_media":0,"parent":720,"menu_order":0,"comment_status":"closed","ping_status":"closed","template":"","meta":{"footnotes":""},"class_list":["post-727","page","type-page","status-publish","hentry"],"_links":{"self":[{"href":"https:\/\/fragnach.org\/en\/wp-json\/wp\/v2\/pages\/727","targetHints":{"allow":["GET"]}}],"collection":[{"href":"https:\/\/fragnach.org\/en\/wp-json\/wp\/v2\/pages"}],"about":[{"href":"https:\/\/fragnach.org\/en\/wp-json\/wp\/v2\/types\/page"}],"author":[{"embeddable":true,"href":"https:\/\/fragnach.org\/en\/wp-json\/wp\/v2\/users\/4"}],"replies":[{"embeddable":true,"href":"https:\/\/fragnach.org\/en\/wp-json\/wp\/v2\/comments?post=727"}],"version-history":[{"count":12,"href":"https:\/\/fragnach.org\/en\/wp-json\/wp\/v2\/pages\/727\/revisions"}],"predecessor-version":[{"id":1184,"href":"https:\/\/fragnach.org\/en\/wp-json\/wp\/v2\/pages\/727\/revisions\/1184"}],"up":[{"embeddable":true,"href":"https:\/\/fragnach.org\/en\/wp-json\/wp\/v2\/pages\/720"}],"wp:attachment":[{"href":"https:\/\/fragnach.org\/en\/wp-json\/wp\/v2\/media?parent=727"}],"curies":[{"name":"wp","href":"https:\/\/api.w.org\/{rel}","templated":true}]}}

Über Inge Auerbacher

<div class="fusion-fullwidth fullwidth-box fusion-builder-row-1 fusion-flex-container has-pattern-background has-mask-background nonhundred-percent-fullwidth non-hundred-percent-height-scrolling" style="--awb-border-radius-top-left:0px;--awb-border-radius-top-right:0px;--awb-border-radius-bottom-right:0px;--awb-border-radius-bottom-left:0px;--awb-padding-top:40px;--awb-padding-right:40px;--awb-padding-bottom:40px;--awb-padding-left:40px;--awb-flex-wrap:wrap;" ><div class="fusion-builder-row fusion-row fusion-flex-align-items-flex-start fusion-flex-content-wrap" style="max-width:1572.48px;margin-left: calc(-4% / 2 );margin-right: calc(-4% / 2 );"><div class="fusion-layout-column fusion_builder_column fusion-builder-column-0 fusion_builder_column_2_3 2_3 fusion-flex-column" style="--awb-bg-blend:overlay;--awb-bg-size:cover;--awb-width-large:66.6666666667%;--awb-margin-top-large:0px;--awb-spacing-right-large:3.84%;--awb-margin-bottom-large:0px;--awb-spacing-left-large:2.88%;--awb-width-medium:66.6666666667%;--awb-spacing-right-medium:3.84%;--awb-spacing-left-medium:2.88%;--awb-width-small:100%;--awb-spacing-right-small:1.92%;--awb-spacing-left-small:1.92%;"><div class="fusion-column-wrapper fusion-flex-justify-content-flex-start fusion-content-layout-column"><div class="fusion-text fusion-text-1" style="--awb-text-color:var(--awb-color4);"><p>Inge wurde 1934 in Kippenheim geboren. Im August 1942 wurde sie zusammen mit ihren Eltern nach Theresienstadt deportiert. Die Familie blieb dort inhaftiert bis zur Befreiung am 8. Mai 1945. Inge und ihre Eltern emigrierten im Mai 1946 in die USA. Im Oktober 2022 wurde Inge an ihrem Wohnort New York für unser interaktives Interview befragt.</p>
</div><div class="fusion-title title fusion-title-1 fusion-sep-none fusion-title-text fusion-title-size-two" style="--awb-text-color:var(--awb-color4);"><h2 class="fusion-title-heading title-heading-left fusion-responsive-typography-calculated" style="margin:0;--fontSize:96;line-height:1.1;">Biography</h2></div><div class="fusion-text fusion-text-2" style="--awb-text-color:var(--awb-color4);"><p><span style="background-color: var(--awb-bg-color-hover); color: var(--awb-text-color); font-family: var(--awb-text-font-family); font-size: var(--awb-font-size); font-style: var(--awb-text-font-style); letter-spacing: var(--awb-letter-spacing); text-align: var(--awb-content-alignment); text-transform: var(--awb-text-transform);"><b>31. Dezember 1934:</b></span><span style="background-color: var(--awb-bg-color-hover); color: var(--awb-text-color); font-family: var(--awb-text-font-family); font-size: var(--awb-font-size); font-style: var(--awb-text-font-style); font-weight: var(--awb-text-font-weight); letter-spacing: var(--awb-letter-spacing); text-align: var(--awb-content-alignment); text-transform: var(--awb-text-transform);"><br />
</span></p>
<p><span style="background-color: var(--awb-bg-color-hover); color: var(--awb-text-color); font-family: var(--awb-text-font-family); font-size: var(--awb-font-size); font-style: var(--awb-text-font-style); font-weight: var(--awb-text-font-weight); letter-spacing: var(--awb-letter-spacing); text-align: var(--awb-content-alignment); text-transform: var(--awb-text-transform);">Inge wird in Kippenheim geboren. Sie ist das einzige Kind von Berthold und Regina Auerbacher (geb. Lauchheimer).</span></p>
<p><b>9./10. November 1938:<br />
</b>Pogromnacht. Inges Vater und Großvater werden im Konzentrationslager Dachau inhaftiert.</p>
<p><b>Mai 1939:<br />
</b>Die Familie Auerbacher zieht zu den Großeltern nach Jebenhausen.</p>
<p><b>Ab 1941:</b><br />
Inge besucht die Jüdische Schule in Stuttgart.</p>
<p><b>1. Dezember 1941</b>:<br />
Inges Großmutter Betty Lauchheimer wird deportiert. Die Familie Auerbacher muss in ein Gettohaus ziehen.</p>
<p><b>22. August 1942:<br />
</b>Die Familie Auerbacher wird in das Getto Theresienstadt deportiert.</p>
<p><b>8. Mai 1945:<br />
</b>Das Ghetto Theresienstadt wird durch die Rote Armee befreit.</p>
<p><b>Juli 1945:<br />
</b>Inge und ihre Familie kehren nach Göppingen zurück.</p>
<p><b>13. Mai 1946:</b><br />
Die Familie Auerbacher tritt die Fahrt von Bremerhaven nach New York an.</p>
<p><b>23. Mai 1946:</b><br />
Ankunft in New York.</p>
<p><b>Mitte 1946:</b><br />
Als Folge der Lagerhaft bricht bei Inge Tuberkulose aus. Sie muss mehrere Jahre im Krankenhaus bleiben.</p>
<p><b>Ab Herbst 1950:</b><br />
Inge besucht die Schule in New York. Sie macht einen Abschluss als Chemikerin und arbeitet danach in diesem Beruf.</p>
<p><b>1953:<br />
</b></p>
<p><span style="color: var(--awb-text-color); font-family: var(--awb-text-font-family); font-size: var(--awb-font-size); font-style: var(--awb-text-font-style); font-weight: var(--awb-text-font-weight); letter-spacing: var(--awb-letter-spacing); text-align: var(--awb-content-alignment); text-transform: var(--awb-text-transform); background-color: var(--awb-bg-color);">Inge wird US-amerikanische Staatsbürgerschaft.</span></p>
<p><b>Heute:<br />
</b>Inge ist als Zeitzeugin engagiert und schildert ihre Erfahrungen auch in ihren Büchern. Am 27. Januar 2022 hält sie die Rede zum Tag des Gedenkens an die Opfer des Nationalsozialismus im Deutschen Bundestag. Für ihr Engagement wurde sie mehrfach ausgezeichnet.</p>
</div></div></div><div class="fusion-layout-column fusion_builder_column fusion-builder-column-1 awb-sticky awb-sticky-small awb-sticky-medium awb-sticky-large fusion_builder_column_1_3 1_3 fusion-flex-column" style="--awb-bg-size:cover;--awb-width-large:33.3333333333%;--awb-margin-top-large:0px;--awb-spacing-right-large:5.76%;--awb-margin-bottom-large:20px;--awb-spacing-left-large:5.76%;--awb-width-medium:33.3333333333%;--awb-order-medium:0;--awb-spacing-right-medium:5.76%;--awb-spacing-left-medium:5.76%;--awb-width-small:100%;--awb-order-small:0;--awb-spacing-right-small:1.92%;--awb-spacing-left-small:1.92%;--awb-sticky-offset:20px;"><div class="fusion-column-wrapper fusion-column-has-shadow fusion-flex-justify-content-flex-start fusion-content-layout-column"><div class="fusion-image-element awb-imageframe-style awb-imageframe-style-below awb-imageframe-style-1" style="--awb-caption-margin-top:10px;--awb-caption-title-font-family:var(--body_typography-font-family);--awb-caption-title-font-weight:var(--body_typography-font-weight);--awb-caption-title-font-style:var(--body_typography-font-style);--awb-caption-title-size:14px;--awb-caption-title-transform:var(--body_typography-text-transform);--awb-caption-title-line-height:1.2;--awb-caption-title-letter-spacing:var(--body_typography-letter-spacing);"><span class="fusion-imageframe imageframe-none imageframe-1 hover-type-none" style="border-radius:20px;"><img decoding="async" width="768" height="1024" title="291_DIT_IA_heute" src="https://fragnach.org/wp-content/uploads/2023/08/291_DIT_IA_heute.jpeg" alt class="img-responsive wp-image-728" srcset="https://fragnach.org/wp-content/uploads/2023/08/291_DIT_IA_heute-200x267.jpeg 200w, https://fragnach.org/wp-content/uploads/2023/08/291_DIT_IA_heute-400x533.jpeg 400w, https://fragnach.org/wp-content/uploads/2023/08/291_DIT_IA_heute-600x800.jpeg 600w, https://fragnach.org/wp-content/uploads/2023/08/291_DIT_IA_heute.jpeg 768w" sizes="(max-width: 640px) 100vw, 600px" /></span><div class="awb-imageframe-caption-container"><div class="awb-imageframe-caption"><div class="awb-imageframe-caption-title">Inge Auerbacher in Berlin, 2023 (Foto: DNB/Sylvia Asmus)</div><p class="awb-imageframe-caption-text"> </p></div></div></div></div></div></div></div>
